s of 158023657.
11, 3001, 4787
What are the prime factors of 1734863?
13, 133451
What are the prime factors of 120094018?
2, 11, 17, 107, 3001
List the prime factors of 1604723430.
2, 3, 5, 263, 203387
What are the prime factors of 402316087?
557, 722291
List the prime factors of 14896175.
5, 7, 85121
List the prime factors of 64191107.
181, 354647
What are the prime factors of 1642866682?
2, 59, 499, 27901
What are the prime factors of 899109407?
7, 139, 924059
What are the prime factors of 216472163?
31, 37, 188729
What are the prime factors of 99909233?
593, 168481
List the prime factors of 178532691.
3, 17, 1871
What are the prime factors of 536605894?
2, 11, 37, 659221
What are the prime factors of 178279686?
2, 3, 13, 761879
List the prime factors of 33050338.
2, 853, 19373
What are the prime factors of 9290465?
5, 1858093
List the prime factors of 170794307.
170794307
What are the prime factors of 817533405?
3, 5, 13, 71
What are the prime factors of 16671092?
2, 41, 101653
What are the prime factors of 317513738?
2, 158756869
What are the prime factors of 3001328396?
2, 11, 68212009
List the prime factors of 1873207349.
13, 157, 917789
What are the prime factors of 64587698?
2, 7, 29, 257, 619
What are the prime factors of 113877985?
5, 13, 17, 257, 401
What are the prime factors of 144696308?
2, 36174077
What are the prime factors of 30288243?
3, 10096081
What are the prime factors of 74810805?
3, 5, 83, 60089
What are the prime factors of 53999084?
2, 113, 193, 619
What are the prime factors of 40823440?
2, 5, 7, 269, 271
List the prime factors of 316267926.
2, 3, 13, 1069, 3793
What are the prime factors of 154096958?
2, 3011, 25589
List the prime factors of 2307616834.
2, 991, 1164287
What are the prime factors of 393990621?
3, 23, 467, 12227
What are the prime factors of 361464956?
2, 89, 317, 3203
What are the prime factors of 67491922?
2, 37, 912053
List the prime factors of 28913226.
2, 3, 17, 283463
What are the prime factors of 4847348523?
3, 7681, 210361
What are the prime factors of 505377358?
2, 113, 2236183
List the prime factors of 874409932.
2, 11, 31, 617, 1039
What are the prime factors of 3961883632?
2, 7, 37, 61, 2239
What are the prime factors of 1025942817?
3, 341980939
List the prime factors of 5222938402.
2, 11, 479, 495629
List the prime factors of 3626923320.
2, 3, 5, 739, 13633
What are the prime factors of 1014760627?
67, 15145681
What are the prime factors of 162610883?
162610883
List the prime factors of 1944723169.
19, 7499, 13649
List the prime factors of 5409154830.
2, 3, 5, 180305161
List the prime factors of 437587765.
5, 19, 23, 271, 739
List the prime factors of 715771026.
2, 3, 17, 779707
List the prime factors of 7842721.
31, 8161
What are the prime factors of 207237628?
2, 13, 577, 6907
What are the prime factors of 306398937?
3, 13, 1423, 5521
List the prime factors of 365769832.
2, 281, 162709
List the prime factors of 147905596.
2, 499, 74101
What are the prime factors of 31254490?
2, 5, 3125449
List the prime factors of 486618671.
7, 11, 19, 332617
What are the prime factors of 3061494009?
3, 7, 109, 148609
List the prime factors of 14593164.
2, 3, 191, 6367
What are the prime factors of 3478361?
71, 48991
What are the prime factors of 39949330?
2, 5, 3994933
List the prime factors of 352155681.
3, 43, 101107
List the prime factors of 42364006.
2, 59, 359017
List the prime factors of 120707429.
17, 383, 18539
List the prime factors of 16651049.
19, 876371
What are the prime factors of 510583458?
2, 3, 7, 11, 100469
List the prime factors of 6581664669.
3, 79, 27770737
What are the prime factors of 4776150574?
2, 13, 19, 3011
What are the prime factors of 9360045?
3, 5, 208001
List the prime factors of 4127668.
2, 17, 101, 601
List the prime factors of 50700197.
50700197
List the prime factors of 8166657777.
3, 193, 421, 33503
What are the prime factors of 37123138?
2, 13, 17, 47, 1787
What are the prime factors of 422499190?
2, 5, 23, 283, 6491
List the prime factors of 142012463.
67, 2119589
List the prime factors of 1924328623.
7, 274904089
What are the prime factors of 22029221?
3643, 6047
What are the prime factors of 164234914?
2, 853, 96269
What are the prime factors of 6565913717?
11, 41, 355087
What are the prime factors of 4039810833?
3, 1346603611
List the prime factors of 658112.
2, 7, 13, 113
What are the prime factors of 141196845?
3, 5, 9413123
List the prime factors of 297491654.
2, 41, 3627947
List the prime factors of 242235956.
2, 29, 2088241
List the prime factors of 276757235.
5, 67, 73, 11317
List the prime factors of 273730790.
2, 5, 61, 163, 2753
What are the prime factors of 6990637200?
2, 3, 5, 229, 25439
List the prime factors of 63598206.
2, 3, 7, 19, 79697
What are the prime factors of 2503135349?
11, 13, 1591313
What are the prime factors of 1092716082?
2, 3, 83, 103, 263
List the prime factors of 50307801.
3, 19, 882593
List the prime factors of 48264459.
3, 16088153
List the prime factors of 351052243.
23, 15263141
List the prime factors of 92722489.
19, 113, 2273
List the prime factors of 1470445256.
2, 7, 26257951
List the prime factors of 25409836.
2, 419, 15161
What are the prime factors of 337352557?
337352557
What are the prime factors of 481931531?
107, 769, 5857
List the prime factors of 211323545.
5, 59, 716351
What are the prime factors of 90367914?
2, 3, 7, 13, 19, 31, 281
List the prime factors of 81783943.
193, 423751
List the prime factors of 487287669.
3, 11, 37, 593, 673
List the prime factors of 602053383.
3, 200684461
List the prime factors of 104217468.
2, 3, 8684789
List the prime factors of 18026681.
17, 1060393
What are the prime factors of 863662258?
2, 5693, 75853
List the prime factors of 2999461051.
853, 3516367
What are the prime factors of 71746543?
11, 6522413
What are the prime factors of 383059269?
3, 41, 853, 1217
What are the prime factors of 9871238?
2, 13, 379663
List the prime factors of 387517292.
2, 631, 153533
List the prime factors of 3031603625.
5, 17, 281, 5077
List the prime factors of 14904552.
2, 3, 13, 23, 31, 67
List the prime factors of 292286221.
163, 181, 9907
List the prime factors of 118568052.
2, 3, 59, 55823
List the prime factors of 376182594.
2, 3, 3167, 6599
What are the prime factors of 1127241152?
2, 17613143
What are the prime factors of 390878589?
3, 4507, 28909
List the prime factors of 599621215.
5, 119924243
List the prime factors of 1076035268.
2, 7, 11, 43, 113, 719
List the prime factors of 48012402.
2, 3, 8002067
What are the prime factors of 3047814938?
2, 7, 157, 1386631
What are the prime factors of 799980612?
2, 3, 66665051
What are the prime factors of 106602210?
2, 3, 5, 11, 13, 251
What are the prime factors of 155110158?
2, 3, 7, 499, 2467
What are the prime factors of 359822770?
2, 5, 2113, 17029
What are the prime factors of 35872608?
2, 3, 19, 71, 277
List the prime factors of 147902575.
5, 233, 25391
List the prime factors of 5409208784.
2, 7, 17, 37, 1567
What are the prime factors of 428795295?
3, 5, 28586353
List the prime factors of 18473607.
3, 101, 20323
What are the prime factors of 1037279942?
2, 47, 431, 25603
List the prime factors of 131146109.
17, 7714477
What are the prime factors of 882871742?
2, 127, 3475873
What are the prime factors of 47884167?
3, 1583, 3361
List the prime factors of 1556194837.
1556194837
What are the prime factors of 61833537?
3, 79, 3221
What are the prime factors of 90908331?
3, 19, 1594883
List the prime factors of 62149753.
62149753
List the prime factors of 3151961324.
2, 421, 1871711
What are the prime factors of 331824099?
3, 97, 1140289
What are the prime factors of 3706339932?
2, 3, 17, 6056111
What are the prime factors of 5410564216?
2, 239, 2829793
What are the prime factors of 720273027?
3, 240091009
What are the prime factors of 1845571833?
3, 7, 17, 1723223
What are the prime factors of 128150420?
2, 5, 17, 29, 41, 317
What are the prime factors of 61345817?
13, 29, 12517
What are the prime factors of 289397301?
3, 59, 1635013
List the prime factors of 32200541.
32200541
List the prime factors of 4000144373.
613, 6525521
What are the prime factors of 59460398?
2, 73, 407263
List the prime factors of 5006830.
2, 5, 103, 4861
Wha